{"id":7,"date":"2017-10-02T17:11:39","date_gmt":"2017-10-02T15:11:39","guid":{"rendered":"http:\/\/www.blue-pearl-boat.com\/?page_id=7"},"modified":"2017-10-02T18:54:49","modified_gmt":"2017-10-02T16:54:49","slug":"accueil","status":"publish","type":"page","link":"https:\/\/www.blue-pearl-boat.com\/","title":{"rendered":"Le Blue Pearl !"},"content":{"rendered":"<p>Le premier bateau mer et rivi\u00e8re qui est :<\/p>\n<ol>\n<li>100% transportable sur route<\/li>\n<li>100% habitable<\/li>\n<li>100% \u00e9lectrique<\/li>\n<\/ol>\n<p>Un bateau de tradition enti\u00e8rement personnalisable, con\u00e7u \u00a0et fabriqu\u00e9 en France !<\/p>\n","protected":false},"excerpt":{"rendered":"<p>Le premier bateau mer et rivi\u00e8re qui est : 100% transportable sur route 100% habitable 100% \u00e9lectrique Un bateau de tradition enti\u00e8rement personnalisable, con\u00e7u \u00a0et fabriqu\u00e9 en France !<\/p>\n","protected":false},"author":1,"featured_media":0,"parent":0,"menu_order":0,"comment_status":"closed","ping_status":"closed","template":"","meta":[],"_links":{"self":[{"href":"https:\/\/www.blue-pearl-boat.com\/index.php\/wp-json\/wp\/v2\/pages\/7"}],"collection":[{"href":"https:\/\/www.blue-pearl-boat.com\/index.php\/wp-json\/wp\/v2\/pages"}],"about":[{"href":"https:\/\/www.blue-pearl-boat.com\/index.php\/wp-json\/wp\/v2\/types\/page"}],"author":[{"embeddable":true,"href":"https:\/\/www.blue-pearl-boat.com\/index.php\/wp-json\/wp\/v2\/users\/1"}],"replies":[{"embeddable":true,"href":"https:\/\/www.blue-pearl-boat.com\/index.php\/wp-json\/wp\/v2\/comments?post=7"}],"version-history":[{"count":3,"href":"https:\/\/www.blue-pearl-boat.com\/index.php\/wp-json\/wp\/v2\/pages\/7\/revisions"}],"predecessor-version":[{"id":39,"href":"https:\/\/www.blue-pearl-boat.com\/index.php\/wp-json\/wp\/v2\/pages\/7\/revisions\/39"}],"wp:attachment":[{"href":"https:\/\/www.blue-pearl-boat.com\/index.php\/wp-json\/wp\/v2\/media?parent=7"}],"curies":[{"name":"wp","href":"https:\/\/api.w.org\/{rel}","templated":true}]}}